9 is divided by 5971917.
28
What is the remainder when 14735539 is divided by 669?
145
Calculate the remainder when 31901176 is divided by 224.
216
What is the remainder when 41831091 is divided by 312?
3
Calculate the remainder when 76749060 is divided by 111.
108
What is the remainder when 3640252 is divided by 145610?
2
Calculate the remainder when 2519445 is divided by 646.
45
Calculate the remainder when 236133 is divided by 149.
117
Calculate the remainder when 837170 is divided by 838.
8
Calculate the remainder when 113378 is divided by 900.
878
Calculate the remainder when 3986501 is divided by 1328665.
506
What is the remainder when 45011 is divided by 1098?
1091
What is the remainder when 23995846 is divided by 26?
4
What is the remainder when 28550 is divided by 548?
54
What is the remainder when 295352991 is divided by 88?
87
Calculate the remainder when 1307829 is divided by 48424.
381
Calculate the remainder when 19501 is divided by 18362.
1139
What is the remainder when 1359038 is divided by 679517?
4
What is the remainder when 344223 is divided by 548?
79
Calculate the remainder when 6954434 is divided by 228.
206
What is the remainder when 877584 is divided by 51617?
95
Calculate the remainder when 67433 is divided by 2925.
158
What is the remainder when 8430077 is divided by 8902?
8785
Calculate the remainder when 531546 is divided by 177152.
90
Calculate the remainder when 112077249 is divided by 276.
273
Calculate the remainder when 70528 is divided by 17622.
40
Calculate the remainder when 288804421 is divided by 8726.
8725
Calculate the remainder when 611602 is divided by 5879.
186
What is the remainder when 67987457 is divided by 99?
98
Calculate the remainder when 740076 is divided by 15744.
108
What is the remainder when 78097453 is divided by 107?
79
What is the remainder when 7943040 is divided by 1985703?
228
What is the remainder when 17309747 is divided by 5769911?
14
What is the remainder when 3462536 is divided by 1136?
8
What is the remainder when 2149572 is divided by 45?
12
What is the remainder when 30463672 is divided by 2719?
2715
Calculate the remainder when 741510 is divided by 3014.
66
Calculate the remainder when 21480 is divided by 306.
60
Calculate the remainder when 32177 is divided by 2752.
1905
What is the remainder when 41360467 is divided by 323?
317
Calculate the remainder when 1306328 is divided by 479.
95
What is the remainder when 4574751 is divided by 68?
51
Calculate the remainder when 176493 is divided by 195.
18
What is the remainder when 293691151 is divided by 93?
34
What is the remainder when 36080 is divided by 1109?
592
What is the remainder when 79327 is divided by 3811?
3107
What is the remainder when 53409 is divided by 148?
129
What is the remainder when 53567 is divided by 17584?
815
Calculate the remainder when 184069 is divided by 1014.
535
What is the remainder when 5261 is divided by 1350?
1211
Calculate the remainder when 47721308 is divided by 11930317.
40
Calculate the remainder when 85234 is divided by 6552.
58
Calculate the remainder when 6106758 is divided by 1495.
1178
Calculate the remainder when 859826 is divided by 16222.
60
What is the remainder when 17133 is divided by 12853?
4280
What is the remainder when 372160 is divided by 3026?
2988
What is the remainder when 3600057 is divided by 2?
1
What is the remainder when 43109960 is divided by 126794?
0
Calculate the remainder when 50103557 is divided by 20.
17
Calculate the remainder when 231472 is divided by 4367.
21
What is the remainder when 3838283 is divided by 151?
14
What is the remainder when 26850021 is divided by 4051?
4044
Calculate the remainder when 203746 is divided by 67188.
2182
Calculate the remainder when 78255 is divided by 363.
210
Calculate the remainder when 34804934 is divided by 592.
70
Calculate the remainder when 36753 is divided by 275.
178
Calculate the remainder when 1782107 is divided by 356406.
77
What is the remainder when 19859 is divided by 899?
81
Calculate the remainder when 146911 is divided by 2103.
1804
What is the remainder when 1434172 is divided by 159?
151
What is the remainder when 10217098 is divided by 691?
663
What is the remainder when 2107402 is divided by 170?
82
What is the remainder when 339595 is divided by 112777?
1264
Calculate the remainder when 121966272 is divided by 17423752.
8
Calculate the remainder when 133332 is divided by 1296.
1140
What is the remainder when 1060154 is divided by 67?
13
What is the remainder when 13215424 is divided by 446?
444
Calculate the remainder when 2105176 is divided by 3016.
8
Calculate the remainder when 3457993 is divided by 75.
43
What is the remainder when 6720629 is divided by 1510?
1129
What is the remainder when 21647232 is divided by 323093?
1
What is the remainder when 164402 is divided by 27354?
278
What is the remainder when 27210620 is divided by 619?
618
Calculate the remainder when 4242532 is divided by 277.
0
Calculate the remainder when 5517524 is divided by 424416.
116
Calculate the remainder when 486824 is divided by 4480.
2984
What is the remainder when 383637 is divided by 127875?
12
Calculate the remainder when 2162396 is divided by 600.
596
Calculate the remainder when 526163 is divided by 1232.
99
Calculate the remainder when 17583825 is divided by 2561.
2560
Calculate the remainder when 590713 is divided by 125.
88
Calculate the remainder when 8450493 is divided by 1680.
93
What is the remainder when 451346 is divided by 225604?
138
What is the remainder when 7040282 is divided by 888?
218
Calculate the remainder when 802501 is divided by 131.
126
Calculate the remainder when 23554175 is divided by 384.
383
Calculate the remainder when 271108 is divided by 89507.
2587
Calculate the remainder when 5349 is divided by 178.
9
Calculate the remainder when 956215 is divided by 136602.
1
What is the remainder when 286456 is divided by 31?
16
What is the remainder when 1700506 is divided by 1090?
106
What is the remainder when 55513 is divided by 2135?
3
Calculate the remainder when 11749257 is divided by 3384.
9
Calculate the remainder when 5989519 is divided by 177.
16
What is the remainder when 28473202 is divided by 1383?
1381
Calculate the remainder when 142176 is divided by 2539.
2531
What is the remainder when 9685819 is divided by 522?
109
Calculate the remainder when 861943 is divided by 18335.
198
What is the remainder when 361206 is divided by 268?
210
Calculate the remainder when 331645838 is divided by 17.
12
Calculate the remainder when 101324261 is divided by 575706.
5
What is the remainder when 119143280 is divided by 29?
28
Calculate the remainder when 6003512 is divided by 3001734.
44
Calculate the remainder when 354724 is divided by 1023.
766
What is the remainder when 233070603 is divided by 463361?
20
Calculate the remainder when 466872207 is divided by 2509.
2505
Calculate the remainder when 92260 is divided by 30678.
226
Calculate the remainder when 2793722 is divided by 931067.
521
What is the remainder when 260361946 is divided by 22?
20
Calculate the remainder when 2780237 is divided by 20.
17
Calculate the remainder when 181380651 is divided by 14.
11
What is the remainder when 194961 is divided by 194929?
32
Calculate the remainder when 7124 is divided by 803.
700
What is the remainder when 1295801 is divided by 19935?
26
Calculate the remainder when 1788011 is divided by 843.
8
Calculate the remainder when 13924148 is divided by 928276.
8
Calculate the remainder when 268239 is divided by 5258.
81
What is the remainder when 1271571 is divided by 20509?
13
Calculate the remainder when 31065222 is divided by 1913.
15
Calculate the remainder when 6580420 is divided by 3392.
3332
What is the remainder when 348507 is divided by 1436?
995
What is the remainder when 961569 is divided by 10103?
1784
Calculate the remainder when 19124999 is divided by 543.
539
What is the remainder when 59713265 is divided by 21?
17
Calculate the remainder when 759304 is divided by 151853.
39
Calculate the remainder when 528593 is divided by 6532.
6033
Calculate the remainder when 477923 is divided by 6924.
167
What is the remainder when 93613949 is divided by 75?
74
What is the remainder when 11608751